hat is the highest common divisor of a and p?
10
Let w(t) = -4*t - 5. Let p be w(-6). What is the greatest common factor of p and 1?
1
Suppose w + 0 = 5*q - 12, 0 = 4*w + 2*q - 18. Suppose h - 61 = -w*f, -5*f - 6*h + 103 = -3*h. Calculate the greatest common divisor of f and 8.
4
Suppose 4 = -0*q + 2*q. Let u(o) = -o. Let p be u(-2). Suppose p*c + q*z = z + 20, 5*c - 2*z = 68. What is the greatest common factor of 96 and c?
12
Let q = -15 + 22. Suppose z - 82 = -g, 2*g = -g - 5*z + 256. What is the highest common divisor of g and q?
7
Suppose 5*h = -2*x - 100, 0 = -0*h + 2*h - 3*x + 21. Suppose -6*d - 7 = -5*d. Let r = d - h. What is the highest common factor of 99 and r?
11
Let a be -3*(8/(-3) + 1). Suppose -2*f = -a*r - 221, 0 = 4*f - 0*f + 4*r - 428. Let v = f - 33. What is the highest common divisor of v and 15?
15
Suppose -5*g + 49 = -31. Calculate the highest common factor of 24 and g.
8
Let r(o) = -o**3 - 12*o**2 - 10*o + 13. Let p be r(-11). Suppose f + 12 = p*f. Suppose -6*a + 5*a = -f. Calculate the highest common divisor of 60 and a.
12
Let i = 56 - 49. Suppose 5*j + 33 = z - 26, 19 = z + 5*j. Suppose -z = 4*r - 3*p - 166, -3*r + 4*p = -104. Calculate the highest common factor of i and r.
7
Suppose -5*v + 4*n + 1350 - 487 = 0, -513 = -3*v + 4*n. What is the highest common divisor of 70 and v?
35
Let u(y) be the second derivative of 2*y**3/3 - 3*y**2 + 2*y. Let b be u(6). Suppose -3*t + 2*t = -b. Calculate the greatest common factor of 12 and t.
6
Let w = 17 + -7. Let c = w + -15. Let f(o) = 3*o**2 - 4*o + 1. Let h be f(c). Calculate the highest common factor of 12 and h.
12
Suppose -2 - 33 = -7*w. What is the highest common factor of w and 80?
5
Let g be (140/(-8))/7*-50. Calculate the highest common factor of 25 and g.
25
Let s(h) = -h + 7. Let g be s(5). Let x be 21 + (g + -1 - -1). Calculate the highest common divisor of 23 and x.
23
Suppose p - 6*p = -55. Suppose 16*u - 100 = p*u. Calculate the greatest common divisor of u and 50.
10
Suppose -4*g - w = w - 108, 4*g = w + 108. Suppose 3*f = -v - 11 + 50, 2*f + v = g. Suppose k - f = 63. Calculate the greatest common divisor of k and 15.
15
Suppose 1 + 9 = 5*a. Suppose a*l = 7*l + 5. Let w be 12 + -2 + 4 + l. Calculate the highest common divisor of 26 and w.
13
Let v = -8 - -52. Let u = v - 18. What is the greatest common divisor of u and 208?
26
Let s = 662 + -1064. Let r be s/(-10) - (-3)/(-15). Suppose t = -3*t + r. Calculate the highest common factor of 40 and t.
10
Let h be 1586/9 + 1/((-18)/4). Suppose -4*q + 37 = -51. Calculate the highest common factor of q and h.
22
Suppose -2*l + 62 = -50. What is the greatest common divisor of l and 7?
7
Let m(o) = 28*o - 27*o + 3 + 2. Let j be m(7). Calculate the highest common divisor of j and 84.
12
Let r(y) be the first derivative of -17*y**2/2 - 3*y + 2. Let u be r(-4). What is the highest common divisor of u and 13?
13
Suppose -112 = -6*v + 122. Calculate the greatest common divisor of v and 26.
13
Let n = 30 + 9. Let q = -26 + n. Let b = -7 + q. Calculate the greatest common factor of b and 4.
2
Let f be (8*2)/(0 + 1). Suppose 6 + 4 = -5*h. Let v be (-4 - -8)/(h/(-56)). What is the greatest common divisor of v and f?
16
Let i = 3 + -1. Suppose 811 = 4*a + 5*x, x = i*x + 5. Suppose -38 = -2*p - 0*p. What is the highest common factor of p and a?
19
Suppose -5*o - 17 = -67. Suppose -3*n = -4*n + 50. Calculate the greatest common divisor of n and o.
10
Suppose -4*b + 2*w + 48 = 0, 5*b = -2*w + 53 - 2. Calculate the highest common factor of b and 88.
11
Let h(u) = -u + 7. Let b be h(-8). What is the highest common divisor of b and 105?
15
Suppose -27 = -2*n - n. Let z(m) = -m**3 + 14*m**2 - 19*m + 12. Let r be z(12). What is the highest common divisor of r and n?
9
Suppose -q = q - 4. Calculate the greatest common factor of 2 and q.
2
Let i(o) = o**2 + 1. Let c(t) = 6*t**2 - 9*t + 16. Let w(d) = c(d) - 5*i(d). Let y be w(8). Calculate the greatest common divisor of 15 and y.
3
Let m be 2/(3 - 49/17). Suppose m = 2*p + l - 2*l, 3*l = -4*p + 29. Calculate the highest common factor of 64 and p.
8
Let n be 114/9 + 12/9. What is the greatest common divisor of n and 70?
14
Suppose 8 = -b + 2*b. Suppose -b = -m - m. Suppose m*s - s = 5*d - 47, -d + 2*s = -8. What is the highest common divisor of d and 110?
10
Suppose -24 = -l + f - 9, -3*f - 7 = -l. Let d = -41 - -60. Calculate the greatest common factor of l and d.
19
Let w(d) = 20*d**2 - 5*d + 27. Let n be w(3). Calculate the greatest common divisor of 48 and n.
48
Let x = 58 + -3. Let g(c) = c + 4. Let q be g(7). What is the highest common divisor of q and x?
11
Let x(u) = 5*u**2 - 29*u + 15. Let s(v) = -3*v**2 + 19*v - 10. Let g(f) = 8*s(f) + 5*x(f). Let t be g(-9). What is the highest common divisor of t and 26?
13
Let a = -71 - -93. Calculate the highest common factor of a and 242.
22
Suppose -2284 = -19*m + 509. What is the greatest common divisor of m and 21?
21
Suppose -114 = -2*q - 4*q. Calculate the highest common divisor of 95 and q.
19
Let v(b) = b**2 - 7*b - 6. Let r be v(-4). What is the highest common divisor of r and 19?
19
Suppose -3 = -4*f + 5. Let t(l) = 14*l - 56. Let n be t(5). Calculate the highest common divisor of n and f.
2
Let r be (-8)/36 + 850/18. Suppose 0 = 2*a, 28 = 5*t + 4*a - r. Let m = 30 + -20. Calculate the highest common divisor of m and t.
5
Suppose 50 = 4*t + t. What is the highest common factor of t and 10?
10
Suppose 0 = 3*u + 2*u - 185. Suppose -5*n - u = -4*k, 5*k + n = 4*n + 30. Suppose -g + 7 = k. What is the highest common divisor of 2 and g?
2
Suppose 5*n + 0*n - 100 = 0. What is the highest common factor of n and 90?
10
Let j = 180 - 115. What is the highest common divisor of j and 13?
13
Let j be (-2 + (-3)/(-12))*-4. Suppose -2 = -2*o + 4*c, -o + 0*c + j = 4*c. Suppose -o*k + 48 = k. Calculate the highest common divisor of 48 and k.
12
Let c = -12 - -15. Calculate the highest common divisor of 9 and c.
3
Let v be 50/6 + 26/39. Calculate the greatest common divisor of v and 9.
9
Suppose 3*j + j - 14 = 3*z, 0 = -4*z - j + 13. Suppose -z*l + 8 = -0*l. Let c be 20 + 1 + 2 - 3. Calculate the highest common divisor of c and l.
4
Suppose -2*n - 10 = 0, 2*n = 4*l - 5 - 9. Let u = -9 - -20. What is the greatest common divisor of u and l?
1
Let x be (-340)/(-55) - (-4)/(-22). Let s(c) = 2*c**2 + 1. Let p be s(1). Calculate the highest common factor of x and p.
3
Let h(w) = w**3 - 3*w**2 + 2*w - 5. Let s = -9 - -12. Let d be h(s). Let l be 2/4 - 10/(-4). Calculate the highest common divisor of l and d.
1
Let f(p) = -14*p + 19*p - 2 + 16*p + 11*p. Suppose 12 = 2*j + 4*s, -2*s = -j - 2 + 4. Let m be f(j). What is the highest common divisor of 14 and m?
14
Let r be ((-18)/(-7))/((-3)/(-112)). What is the highest common divisor of 12 and r?
12
Let r(k) = -4*k. Let f be r(-7). What is the greatest common divisor of 7 and f?
7
Let g(l) = 4*l - 1. Let q be g(-3). Let s = 35 + q. Calculate the highest common factor of s and 33.
11
Let f = -10 + 19. What is the greatest common factor of f and 18?
9
Suppose 0 = -5*c + 10, j + 7 - 18 = -4*c. Suppose 3*b = -2*s + 3 + 293, -j*b + 2*s + 304 = 0. What is the highest common factor of 20 and b?
20
Suppose -6*a + 42 = 2*m - 2*a, 0 = -3*m + 2*a + 71. What is the highest common factor of 92 and m?
23
Suppose 2*h - 7*h = v - 10, v + 5 = 0. What is the greatest common divisor of h and 24?
3
Let f = 47 - 22. Let p(v) = -v**3 + 9*v**2 - 9*v - 10. Let k be p(7). What is the highest common factor of f and k?
25
Suppose -8*c - 5 = -7*c. Suppose -4*g - 2*h + 1 = -25, 3*h = -15. Let d be c*(-5)/(75/g). Calculate the greatest common divisor of d and 12.
3
Let o = 16 - 6. Let r(f) = f**3 - 8*f**2 - 5*f - 11. Suppose 3*c + 0*c = 27. Let p be r(c). What is the highest common divisor of o and p?
5
Let c = 22 - 5. Let n be c*(3 + -2)*1. Let v = 25 - n. Calculate the highest common factor of v and 64.
8
Suppose -4 - 2 = -2*i. Suppose 0 = -2*t - 3*s + 57, 3*t = 7*t + 2*s - 110. What is the highest common divisor of t and i?
3
Let b = 47 - 35. Calculate the greatest common factor of b and 108.
12
Let n be 240/14 + (-2)/14. What is the highest common divisor of n and 17?
17
Let g be 0 + 4 + -2 + 7. Let y(u) = -u**3 - 4*u**2 - 2*u - 1. 